.
2, 3, 13
Let l be (1112/(-12))/(5/180*8). Let z = -118 - l. What are the prime factors of z?
13, 23
Let s(h) = -1712*h - 2294. List the prime factors of s(-26).
2, 11, 19, 101
Let x = 566 - 291. What are the prime factors of ((-15)/6)/5 + x/2?
137
Suppose -r - a + 12 = 0, 29*r - 31*r = -2*a - 44. Let c = 140 - -83. Suppose -c = -r*j + 984. What are the prime factors of j?
71
Let w = 48 - 43. Suppose 12*r - 1246 = w*r. List the prime factors of r.
2, 89
Let h = 95 + -92. Suppose 0 = -h*r + 540 + 450. List the prime factors of r.
2, 3, 5, 11
What are the prime factors of (0 - -347)/(4464/342 - 13)?
19, 347
Let w(i) = -27*i - 72. Suppose 0 = -r + 4*y - 22, -3*y = -4 - 5. List the prime factors of w(r).
2, 3, 11
Let v(d) = -d**3 + 6*d**2 - d + 12. Let u be v(6). List the prime factors of (-2)/u*-20*54/30.
2, 3
Suppose 36*l = -47*l + 996415. List the prime factors of l.
5, 7
Let s = 33 + 68. Suppose -97*b - 132 = -s*b. What are the prime factors of b?
3, 11
Suppose 176319 = 23*k - 680339. What are the prime factors of k?
2, 11, 1693
Suppose 3*z + 3*g = 5*z + 11, -5*z + 5*g = 15. Suppose -1933 = -3*o + 4*f, -971 = -2*o + z*f + 317. What are the prime factors of o?
643
Let h be 5*(-5)/(-25) + 0. Let l(u) = 187*u**3 - u + 2. Let m be l(h). Suppose -27 - m = -5*y. What are the prime factors of y?
43
Let t = -1675 - -2489. Let n = t - 407. What are the prime factors of n?
11, 37
Let m(t) = -69*t + 8. Let j = 16 - 20. List the prime factors of m(j).
2, 71
Let y(t) be the third derivative of -t**5/60 - 9*t**4/8 + 11*t**3/6 - 2*t**2 - 5*t. List the prime factors of y(-19).
163
Let w be 57/(-7) - (-7 - 576/(-84)). List the prime factors of 176/(-6)*222/w.
2, 11, 37
Suppose -16*k - 11364 = -3956. Let d = 1010 + k. List the prime factors of d.
547
Let r = -76459 + 116994. What are the prime factors of r?
5, 11, 67
Let i be (-3*(-3)/(-27))/((-1)/(-42)). What are the prime factors of (-7232)/i - (-159)/371?
11, 47
Suppose 291840 = -55*o + 23*o + 1328288. List the prime factors of o.
7, 661
Suppose 5*l + 11 = 3*k, k - 2*l - 2*l = 6. Suppose k*m - 113 = 327. Suppose -4*g + m = -256. What are the prime factors of g?
7, 17
Let r = 31575 + -13183. What are the prime factors of r?
2, 11, 19
Suppose -2*x = x - 12. Let f = 554 - 545. Suppose -x*v + f*v = 360. List the prime factors of v.
2, 3
Let y(u) = -15 + 22 - 15 + 54*u - 8. List the prime factors of y(4).
2, 5
Let i = -20 + -54. Let h = 78 + i. Suppose 320 = 3*m - w - 4*w, h*m - w = 455. What are the prime factors of m?
5, 23
Let k = -291 - -291. List the prime factors of 4/24 - k - 19945/(-30).
5, 7, 19
Suppose 6*x - 604 - 620 = 0. Suppose 616 + x = 5*h. What are the prime factors of h?
2, 41
List the prime factors of -4 - (9/(-36) + (-235742)/8).
2, 29, 127
Let z = 215 + 270. Let n = 14 + z. List the prime factors of n.
499
Let h(z) = 7862*z - 5043. List the prime factors of h(4).
5, 5281
Let f(r) = 15*r**2 - 5*r + 8. Let c be f(6). Let m = 4889 - 5205. Let p = c + m. What are the prime factors of p?
2, 101
Let i be 8/(-20)*(5 - 10). Suppose 795 = n + 5*l, n + n - 1566 = i*l. List the prime factors of n.
5, 157
Let h be (-6 + (-2310)/(-5))*-1. Let x = h + 744. List the prime factors of x.
2, 3
Suppose 18*h - 12*h - 319440 = 0. Suppose h = 5*z + 35*z. List the prime factors of z.
11
Let s(t) = 78*t**2 + 5*t + 27. Let w(m) = m**2 + 2*m - 2. Let c(b) = s(b) - 4*w(b). List the prime factors of c(-4).
1231
Suppose -133*z + 265418 = -385484. What are the prime factors of z?
2, 2447
Let w = -69 - -210. Let h(z) = -57 + w*z**2 - 59 + 117. What are the prime factors of h(-1)?
2, 71
Suppose 3*p - 3*c + 42 = -267, 0 = p + 4*c + 93. Let s be (0 - -1) + (3 - 2*p). Let z = s + -108. What are the prime factors of z?
2, 7
Let b(g) = 2*g**3 - 27*g**2 - 36. What are the prime factors of b(19)?
5, 787
Let a = 155817 + -110096. List the prime factors of a.
13, 3517
Let q(m) = 111*m + 29. Let v be q(-4). Let d = v + 783. List the prime factors of d.
2, 23
Suppose 2*h + 77861 = 4*y + 29945, -47916 = -4*y - 4*h. Suppose -8*w = -19*w + y. List the prime factors of w.
3, 11
Let p(c) = 479*c + 8895. List the prime factors of p(99).
2, 3, 13, 19
Suppose 5*m - 56086 = 4*r, -146*m + 141*m - 4*r + 56134 = 0. List the prime factors of m.
2, 31, 181
Suppose 0 = 5*z - u - 19173, -2*z + 2*u + 1797 = -5877. Suppose -702 = -7*b + z. What are the prime factors of b?
2, 3
Suppose 0 = f + 6*g - 2*g - 168, -5*f = 3*g - 874. Suppose 2484 = 182*n - f*n. What are the prime factors of n?
2, 3, 23
Let b = 11815 + -4277. List the prime factors of b.
2, 3769
Suppose 3*k = -4*n + 17665, 0 = 2*n + 2 + 2. Suppose -5*r = 4*f - k, f - 399 = 5*r + 1105. What are the prime factors of f?
3, 17, 29
Let n(a) = 15*a + 7. Let k be n(-7). Let c = 557 + -619. Let x = c - k. List the prime factors of x.
2, 3
Let t(c) = -152*c - 138. Let r be t(22). Let w = -2010 - r. List the prime factors of w.
2, 23
Suppose 213*s = 210*s + u + 13085, 0 = 2*u + 4. List the prime factors of s.
7, 89
Suppose 1463 = 3*t + 5*y, -2424 + 455 = -4*t - 3*y. List the prime factors of t.
2, 31
Let s be (72/42)/(2/(-3934)*2). Let c = 2405 + s. List the prime factors of c.
719
Suppose 5*w = 4*d + 40795, 0 = 1306*w - 1304*w - 2*d - 16320. What are the prime factors of w?
5, 7, 233
Suppose -5*a + 16 = -34. Let k(l) = l**2 - 14*l + 43. Let z be k(a). Suppose r = -2*t + 110, -3*r - z*t - 20 = -347. List the prime factors of r.
2, 3
Suppose 3*y - 18 = -3*p, 6*p = 8*p - 3*y - 7. Suppose -f = p*z - 1397, 0 = 2*z - 14 + 8. What are the prime factors of f?
2, 691
Suppose 0 = -5*o + 4*d + 59 - 1994, -2*o - 2*d - 774 = 0. Let x = o + 633. List the prime factors of x.
2, 3, 41
Let l(x) = x**2 - 6*x + 30. Let q be l(-22). Suppose -5*p - 3*j = -4*p - 348, q = 2*p - 4*j. What are the prime factors of p?
3, 37
Let z = 7751 - 4496. What are the prime factors of z?
3, 5, 7, 31
Let d be (4 + -2 - 3*15)*3. Let g = d - -258. What are the prime factors of (-4)/6*g/(-1) - 2?
2, 3, 7
Let t be 0 + ((-23)/(-7) - (-4)/(-14)). Suppose 5*k = -3*l + 1441 + 530, 2*k - 1971 = -t*l. What are the prime factors of l?
3, 73
Suppose 0 = -4*o - 12, w - 9 + 2 = 2*o. Let r = -1 + w. Suppose r = d - 23 + 3. List the prime factors of d.
2, 5
Suppose -x - 3*x - 5*i - 71 = 0, 41 = -4*x + 5*i. Let w = x + 16. Suppose 0 = f - w*c - 177, 3*f = -c + 316 + 222. What are the prime factors of f?
179
Suppose 36492 = 5*o + 4*o - 26256. What are the prime factors of o?
2, 3, 7, 83
Suppose 330*t - 18 = 327*t. What are the prime factors of (t + (-9 - -7))/((-4)/(-862))?
2, 431
Suppose 4*d + 5*b - 205361 = 0, b + 133648 + 174385 = 6*d. List the prime factors of d.
3, 109, 157
Let g = -16 + 22. Let f be (0 - g)/(-1) + -4. Suppose -x = f*x - 243. List the prime factors of x.
3
Suppose 5*r - l - 8702 - 1182 = 0, -4*l - 16 = 0. Suppose -5*b + r = 426. List the prime factors of b.
2, 5, 31
Let o be (-5763)/(-12) + -2 + 23/(-92). What are the prime factors of o + (2 + -1)/((-5)/10)?
2, 7, 17
Let m be (-6*9)/(-2)*1. Let n be m/(-45) - 482/5. Let o = 212 + n. What are the prime factors of o?
5, 23
Suppose 8*q + 980 - 188 = 0. Let k = 104 + q. Suppose k*o - 910 = -3*r, r + 0*o + 3*o = 298. What are the prime factors of r?
2, 5, 31
List the prime factors of ((-28)/(-10))/((-14)/(-21490)).
2, 7, 307
Let c(d) = d**2 - 9*d - 46. Let h be c(12). Let j(f) = -f**3 - 7*f**2 + 23*f - 11. List the prime factors of j(h).
59
Let j(s) be the second derivative of 14*s**3 - 69*s**2 + 4*s - 18. List the prime factors of j(8).
2, 3, 89
Let m be (8/16*0)/(-3). Suppose m = -221*r + 211*r + 11660. What are the prime factors of r?
2, 11, 53
Suppose -6*z = -88 + 100. What are the prime factors of (3/z)/(1/(-38))?
3, 19
Suppose 3*c - 12 = z, -3*z + 2*c - 12 = 5*c. Let x(d) be the third derivative of -5*d**4/12 - d**3/2 - d**2. List the prime factors of x(z).
3, 19
Let v = 33527 + -11782. List the prime factors of v.
5, 4349
Suppose 5*z + 22204 = 2*b, 20*b - 24988 = -2*z + 196948. What are the prime factors of b?
3, 137
Let p be ((-3)/2)/((-59)/(-12) + -5). Let g be (160/30)/(2/p). Suppose g - 13 = 3*f - 5*l, 79 = 5*f + 2*l. What are the prime factors of f?
3, 5
Let x = -18 - -25. Suppose 0 = -10*q + x*q + 282. Let b = 13 + q. List the prime factors of b.
107
Suppose 3*z = -0*u - 4